e d(-53).
-22
Let i(p) = 2169*p - 1795932. Calculate i(828).
0
Let r(n) = -9*n**3 - 118*n**2 - 38*n - 33. Determine r(-13).
292
Let x(q) = 1642*q + 65425. Determine x(-40).
-255
Let y(s) = -2*s**2 - 426*s + 65415. Determine y(-314).
1987
Let v(g) = -g**2 - 1049*g - 88903. Determine v(-93).
5
Let b(o) = -14*o**2 + 210*o + 1706. Determine b(-5).
306
Let k(n) = -8*n**2 + 155*n - 941. Calculate k(22).
-1403
Let p(m) = -2*m**2 + 819*m - 7734. Determine p(400).
-134
Let t(z) = 28*z**2 - 245*z - 322. What is t(10)?
28
Let d(i) = i**3 - 2*i**2 + 1841*i - 9222. Give d(5).
58
Let r(b) = 74799*b - 748001. Determine r(10).
-11
Let k(x) = x**3 + 27*x**2 - 1062*x + 6721. Give k(9).
79
Let y(b) = b**3 + 501*b**2 - 1318*b - 156937. What is y(-503)?
-1
Let o(f) = 42*f**3 + 4872*f**2 + 3*f + 85. Determine o(-116).
-263
Let x(b) = -3206*b + 48110. Determine x(15).
20
Let b(j) = -5394*j + 43144. Determine b(8).
-8
Let d(i) = i**3 + 108*i**2 + 994*i + 1375. What is d(-98)?
3
Let r(c) = 1802*c - 79109. Determine r(44).
179
Let h(o) = o**3 + o**2 + 528*o + 3423. Give h(-6).
75
Let n(u) = u**3 + 110*u**2 - 666*u - 1326. Give n(-116).
-4806
Let s(c) = c**3 + 27*c**2 - 787*c + 3534. What is s(6)?
0
Let k(g) = -537*g - 119688. Determine k(-223).
63
Let i(j) = 2*j**3 - 488*j**2 + 490*j - 1058. Give i(243).
-86
Let z(o) = -26*o**3 - 3*o**2 + 4091*o + 16332. Give z(-4).
1584
Let c(k) = -7*k**3 + 37*k**2 + 2721*k - 13637. What is c(5)?
18
Let r(j) = 2*j**2 + 361*j + 11178. Calculate r(-141).
39
Let h(x) = 9*x**2 + 203*x + 2143. Calculate h(-10).
1013
Let h(v) = 205*v + 43002. Determine h(-214).
-868
Let c(q) = 20*q**2 - 3844*q + 75486. What is c(170)?
6
Let i(a) = 22066*a - 264780. Give i(12).
12
Let h(n) = -65*n**2 - 24*n - 6. What is h(-3)?
-519
Let x(t) = t**2 - 241*t + 11309. Give x(64).
-19
Let t(b) = 7*b**2 - 13*b - 1. Determine t(3).
23
Let o(d) = -14*d**2 - 624*d + 5047. Determine o(7).
-7
Let h(a) = -2*a**3 - 49*a**2 + 711*a + 1997. Give h(12).
17
Let u(z) = -69*z**2 + 1451*z + 21. Calculate u(21).
63
Let w(o) = 4094572*o - 20472855. Determine w(5).
5
Let z(u) = u**2 - 280*u + 20551. What is z(136)?
967
Let j(f) = -2*f**2 - 83*f - 319. Determine j(-31).
332
Let n(u) = -8*u**2 - 24166*u - 216842. Determine n(-9).
4
Let p(x) = -3*x**3 + 295*x**2 + 207*x - 404. Give p(99).
487
Let y(k) = k**3 + 18*k**2 - 40*k - 755. Calculate y(-9).
334
Let q(h) = 16*h + 2762. Determine q(-350).
-2838
Let v(d) = 2*d**2 + 396*d + 4773. Calculate v(-13).
-37
Let b(o) = -o**2 + 461*o + 27024. Determine b(-52).
348
Let h(o) = -7172*o + 143069. Give h(20).
-371
Let n(a) = -2*a**3 - 130*a**2 - a - 215. Determine n(-65).
-150
Let o(b) = 2*b**2 - 352*b - 9588. What is o(200)?
12
Let x(l) = l**2 + 97*l - 12902. Calculate x(-170).
-492
Let p(c) = -2002*c - 6843. Give p(0).
-6843
Let u(z) = 5*z**3 + 40*z**2 + 20*z + 71. What is u(-8)?
-89
Let a(o) = -7*o**3 + 135*o**2 - 20*o + 148. Determine a(19).
490
Let j(p) = 305088*p + 305166. Calculate j(-1).
78
Let t(n) = -5825*n - 16574. Determine t(-3).
901
Let v(n) = 940768*n - 6585369. Determine v(7).
7
Let o(p) = -504*p**2 - 10107*p - 539. What is o(-20)?
1
Let m(u) = 3011*u + 282888. Calculate m(-94).
-146
Let u(h) = 11850*h**2 + 118514*h + 124. Determine u(-10).
-16
Let l(q) = q**2 + 58*q + 841. Give l(-43).
196
Let c(f) = 23391*f - 2081783. Determine c(89).
16
Let j(d) = 6375*d + 1848828. What is j(-290)?
78
Let d(j) = 210*j + 12892. What is d(-60)?
292
Let o(v) = 9725*v + 48737. Calculate o(-5).
112
Let p(j) = -j**3 + 81*j**2 + 173*j - 7481. Give p(82).
-19
Let w(p) = 6033*p + 14. Determine w(0).
14
Let g(p) = -8*p**2 - 1175*p - 12829. What is g(-135)?
-4
Let s(l) = -54*l**2 + 2222*l - 469. Calculate s(41).
-141
Let l(i) = 15*i**3 - 16*i**2 - 447*i + 451. Give l(1).
3
Let c(s) = 2*s**2 - 1473*s + 90486. Determine c(64).
4406
Let h(b) = -102*b**2 + 3758*b + 499. What is h(37)?
-93
Let q(s) = s**3 + 108*s**2 + 1324*s - 459. Calculate q(-94).
-1211
Let s(a) = -1757*a - 195000. Calculate s(-111).
27
Let b(x) = x**3 + 95*x**2 + 5220*x + 454818. Give b(-92).
-30
Let m(l) = 2*l**3 + 62*l**2 - 94*l - 3073. Give m(-31).
-159
Let t(i) = i**2 + 11484*i - 22977. What is t(2)?
-5
Let d(m) = -m**3 - 8*m**2 + 85*m - 109. Calculate d(-13).
-369
Let l(p) = -6*p**3 + 180*p**2 + 15*p - 6. Give l(30).
444
Let z(t) = -1544*t - 17722. Give z(-11).
-738
Let b(u) = 17646*u - 423498. Give b(24).
6
Let r(s) = -s**2 + 142*s - 3793. What is r(106)?
23
Let q(w) = 195*w**2 - 236*w + 930. What is q(4)?
3106
Let d(k) = 48*k**2 + 33*k + 118. What is d(-3)?
451
Let h(d) = -2*d**3 + 5*d**2 - 54*d + 187. Determine h(5).
-208
Let a(h) = -h**2 + 415924*h + 33280317. What is a(-80)?
-3
Let d(r) = 8077*r + 3456962. Calculate d(-428).
6
Let c(s) = 317*s - 14795. Give c(44).
-847
Let w(b) = -7231*b - 216921. Calculate w(-30).
9
Let o(k) = 2485*k + 32629. Give o(-13).
324
Let y(k) = 7*k**3 + 151*k**2 - 403*k + 107. Calculate y(-24).
-13
Let b(p) = -48237*p + 48237. What is b(1)?
0
Let n(f) = 11598*f + 470. Give n(0).
470
Let o(y) = -3617*y - 415925. Give o(-115).
30
Let g(r) = 5*r**3 - 7*r**2 - 41*r + 349. Calculate g(6).
931
Let x(k) = -k**3 - 42*k**2 - 195*k - 14593. Give x(-45).
257
Let d(c) = c**3 + 577*c**2 - 823*c - 141612. What is d(-578)?
-2
Let b(m) = -1668*m + 6750. What is b(5)?
-1590
Let b(z) = -846*z + 143776. Give b(170).
-44
Let n(k) = -1824*k + 8761. Give n(5).
-359
Let i(y) = 176*y + 4620. What is i(-29)?
-484
Let k(n) = 10*n**3 - 79*n**2 - 430*n + 3381. Calculate k(8).
5
Let s(q) = -42*q + 1438. What is s(33)?
52
Let g(y) = -y**2 + 208*y + 18071. Determine g(-66).
-13
Let q(n) = -2*n**2 + 94*n - 1273. Calculate q(21).
-181
Let t(i) = i**3 + 94*i**2 - 1138*i + 825. What is t(10)?
-155
Let v(w) = -2548*w + 586084. Give v(230).
44
Let k(c) = 36535*c - 219198. Give k(6).
12
Let q(k) = k**2 - 13262*k - 66319. What is q(-5)?
16
Let f(r) = r**3 - 56*r**2 + 99*r + 361. Calculate f(54).
-125
Let j(s) = s**3 - 28*s**2 - 2*s - 250. What is j(30)?
1490
Let c(s) = -s**3 - 72*s**2 - 442*s - 24087. Give c(-70).
-2947
Let j(g) = g**3 + 358*g**2 + 8936*g - 32. What is j(-27)?
-5
Let t(s) = -8*s**2 - 279*s + 12058. Calculate t(-60).
-2
Let v(j) = -6456*j - 143724. Give v(-22).
-1692
Let t(f) = 2*f**2 + 1470404*f - 5881646. What is t(4)?
2
Let r(x) = 1031*x**2 + 21*x + 1. Give r(1).
1053
Let h(v) = 167*v**2 - 7354*v + 146. What is h(44)?
-118
Let b(d) = 20*d**2 + 709*d + 2100. What is b(-3)?
153
Let f(u) = 8*u**3 + 59170*u + 59171. Give f(-1).
-7
Let s(q) = 3*q**2 + 66*q - 318. Give s(7).
291
Let z(v) = -5321*v + 260888. Determine z(49).
159
Let f(n) = n**3 + 66*n**2 - 319*n - 1856. What is f(-70)?
874
Let u(z) = -z**2 + 5144*z - 117767. Determine u(23).
16
Let w(n) = 5*n**2 + 43*n - 133. Determine w(-12).
71
Let x(p) = -22680*p + 1859750. Determine x(82).
-10
Let r(d) = 2*d**3 + 8*d**2 - 12*d - 83. Determine r(-7).
-293
Let i(z) = -2473*z + 116033. What is i(47)?
-198
Let n(o) = 1381*o + 291. What is n(-1)?
-1090
Let p(d) = -397152*d - 5957267. Determine p(-15).
13
Let o(s) = s**3 + 436*s**2 - 2383*s - 467994. Give o(-439).
-20
Let o(y) = -y**3 - 57*y**2 - 818*y - 9377. Give o(-43).
-89
Let u(x) = -x**3 + 5*x**2 - 4039*x + 32507. Give u(8).
3
Let s(y) = 4*y**3 - y**2 - 39*y + 45. What is s(6)?
639
Let g(x) = 289*x - 15299. Calculate g(53).
18
Let p(k) = -7836*k + 78352. Determine p(10).
-8
Let x(c) = -402*c + 113036. What is x(281)?
74
Let n(l) = 13*l**2 + 3679*l - 26261. Determine n(7).
129
Let c(p) = p**3 + 50*p**2 + 146*p - 1742. Determine c(-46).
6
Let f(g) = 609*g**3 + 18876*g**2 - 109*g - 497. Determine f(-31).
-1
Let b(o) = 2*o**3 + 372*o**2 + 520*o + 27690. Calculate b(-185).
-60
Let f(x) = 2*x**3 + 53*x**2 - 1385*x - 35545. Determine f(-25).
955
Let p(q) = -749*q - 97668. What is p(-130)?
-298
Let i(r) = -86*r**2 - 230*r + 18. What is i(-2)?
134
Let h(d) = -2403*d + 28853. Give h(12).
17
Let h(g) = 63381*g**2 + 507026*g - 175. Calculate h(-8).
1
Let t(i) = 2*i**3 + 1118*i**2 - 4410*i + 52925. What is t(-563)?
3
Let x(f) = f**3 - 337*f**2 + 628*f + 14113. What is x(335)?
43
Let q(i) = -i**2 + 131876*i + 1186982. Calculate q(-9).
17
Let u(q) = 955*q + 3606. Calculate u(-6).
-2124
Let k(b) = 7407*b - 3273889. Calculate k(442).
5
Let q(f) = f**3 + 3*f**2 + 21*f + 202. Give q(-8)